rime factors of ((-1)/((-11)/(-44)))/(1530/(-1527) + 1)?
2, 509
Suppose -20*l - 413 = 187. What are the prime factors of (l - (-1 - -2))*-21?
3, 7, 31
What are the prime factors of (3/(-2) - ((-21)/(-2))/(-21))*-2692?
2, 673
Suppose 15 = -48*x + 53*x. Suppose -w + x*q + 96 = -1005, 4*q - 2212 = -2*w. What are the prime factors of w?
2, 3, 23
Let p = 14808 + -6413. What are the prime factors of p?
5, 23, 73
Let u(q) be the first derivative of q**3 - q**2/2 + 3*q - 2. Let l(t) = t - 10. Let n be l(3). List the prime factors of u(n).
157
Suppose -3*j - 15 = 48. Let n = -18 - j. Suppose 72 + 27 = n*i. List the prime factors of i.
3, 11
Let f = 160 - 160. Suppose f = -4*z + 6*z - 928. List the prime factors of z.
2, 29
Let y = 9907 - 19124. List the prime factors of y/(-6) - ((-555)/(-90) + -6).
2, 3
Suppose s - 62060 = -o, 2*s - 58888 = o + 65232. List the prime factors of s.
2, 5, 29, 107
Suppose -14 = -r - 5*m, 2*r = -4*m + 7 - 3. Let q be ((-9)/r + -1)/((-7)/(-28)). Let d = q - -130. What are the prime factors of d?
2, 3, 11
Let y(a) = 557*a**2 + 3*a + 4. Let v be y(2). List the prime factors of (-40)/(-16) - v/(-12).
3, 7
Suppose 3*n = 4*h + 33178 + 9564, h - 57002 = -4*n. List the prime factors of n.
2, 3, 5, 19
Let v(s) be the third derivative of 2*s**4/3 + 18*s**3 - 4*s**2 + 2. List the prime factors of v(-6).
2, 3
Let l = 137758 - 84295. List the prime factors of l.
3, 71, 251
Let w(j) = 5*j**2 + 2*j + 3. Let v be -12*6*(-1)/8. Suppose 0 = 5*h + v + 6. What are the prime factors of w(h)?
2, 3, 7
Let d(m) = 85*m**3 + 5511*m + 10 + 3*m**2 - 5521*m - 2. List the prime factors of d(2).
2, 5, 17
Suppose -9*u = -23*u + 266. Suppose 7*t = 6*t + u. Suppose 0 = -m - t + 143. What are the prime factors of m?
2, 31
Suppose 1114 = -3*m + 5*z, -2*m - z - 682 = 39. Let g = -98 - m. What are the prime factors of g?
5, 53
Let u(m) = m**2 - m - 77. Let s be u(24). Suppose 4*n - s = 2*k + 1821, -2*n = 3*k - 1156. List the prime factors of n.
5, 23
Suppose 38*i + 70*i = 1276992. What are the prime factors of i?
2, 739
Let v be (-46 - -8)/(2/22). Let t = -154 - v. Suppose u + 240 = 4*h - 3*u, 4*u = -4*h + t. List the prime factors of h.
3, 7
Suppose -3*g - 5*o = -26449, 3*g + o - 24801 = 1628. What are the prime factors of g?
2, 3, 367
Let b = -88 - -88. Suppose -2*w - 7 = -2*t + w, b = -5*t + 4*w + 14. Suppose -t*p - 31 = -113. What are the prime factors of p?
41
Let s = 17 - -436. Let k(c) = 243*c - 43. Let x be k(2). Suppose -4*r + x = -s. What are the prime factors of r?
2, 7
Suppose 0*g + g = 0. Let w be (15/(-9) + -3)*(-32 + 8). Suppose 2*v = 2*q + w, -2*v + g*q + q + 110 = 0. List the prime factors of v.
2, 3
Let t(y) = y**3 + 6*y**2 + 12*y + 10. Let m be t(-2). Suppose 4*q - a - 2053 - 5040 = 0, 0 = m*a + 10. List the prime factors of q.
2, 443
Suppose 11*a + 5 = 27. Suppose 4*l - a*q = 970, -4*q = 3*l - 323 - 432. What are the prime factors of l?
5, 7
Let a be (0 - -1)/((-11)/77) - 1. Let j(i) = -i - 14. Let d be j(-11). What are the prime factors of 708/a*(d/9 + -1)?
2, 59
Suppose 3*y - 42 = 3*i + 18, 5*y - 31 = 2*i. Let x be 1/5 - (424/(-5) + -2). Let c = x + i. List the prime factors of c.
2
Suppose -84*x - 93*x = -875787 - 1199184. List the prime factors of x.
19, 617
What are the prime factors of ((-106934)/(-635))/(4/290)?
29, 421
Let m = -900 + -180. Let g = m + 1778. List the prime factors of g.
2, 349
Suppose -103*n + 198*n + 34433 = 102*n. What are the prime factors of n?
4919
Let p(g) = 412*g + 3. Suppose x + 5 = 4*d, 11*d + 5 = 9*d + 3*x. List the prime factors of p(d).
827
Let q(v) = -18*v - 34. Let z be q(-2). Suppose -2*k - 1732 = -4*u - 224, z*u - 762 = 3*k. What are the prime factors of u?
3, 5
Let s(f) = 2*f**3 + 3*f**2. Let p be s(-2). Let q be (p - 40/(-12))*-186. Suppose -v - q = -3*h - 0*h, -2*v = -10. List the prime factors of h.
43
Let n be (0/(-1))/(-3) + -6. Let m = n - -9. Let q = 15 - m. What are the prime factors of q?
2, 3
Suppose 0 = 545*c - 542*c - 176415. What are the prime factors of c?
5, 19, 619
Let l be 841/4 + 0 + (-2)/8. Suppose -3*c + 4*n = 5*n - l, -2*n - 77 = -c. What are the prime factors of (1 - (-1 - 0)) + c + -1?
2, 3
List the prime factors of (-16)/4 - 61680/(-2).
2, 13, 593
Let y(b) = 270*b - 2857. What are the prime factors of y(16)?
7, 11, 19
Let v = 361 + -359. Suppose 0 = -4*g + v*g + 840. List the prime factors of g.
2, 3, 5, 7
Suppose -13 + 340 = 3*d. Suppose -91*w - 594 + 4445 + 517 = 0. Let t = w + d. List the prime factors of t.
157
Let t be (-90)/(-12)*6/5. Let p be -8*(-114)/t + (-6)/(-9). Suppose 5*h = -3*z + 203, -2*z - 3*h = -8*h - p. List the prime factors of z.
61
Let z be 84/(-9)*((-21)/2)/7. Suppose z + 16 = 2*i. List the prime factors of (i + 0)/((-4)/(-16)).
2, 3, 5
Let v(i) = -7570*i - 47. List the prime factors of v(-1).
7523
Let i(b) = 6*b**2 + 11*b + 2259. What are the prime factors of i(-44)?
7, 1913
Suppose 0 = 5*n - 8*m + 4*m + 5538, 2*m + 4446 = -4*n. Let r = n + 2321. List the prime factors of r.
7, 173
Let m be ((-69)/6)/((-3)/402). Suppose -2*b = -3*z + m - 225, z - 444 = 2*b. What are the prime factors of z?
2, 109
Suppose 3*z + 23 = 5*t + 6*z, -4*z = -t. Suppose 513 = 2*q + 3*g, -1219 = -t*q - 3*g - 202. What are the prime factors of q?
2, 3, 7
Let t = -110592 - -157222. What are the prime factors of t?
2, 5, 4663
Let y be (-8)/(-30)*6 + 2/5. Suppose -4*f + y*f = 368. Let d = f - -264. List the prime factors of d.
2, 5
Suppose 36*h - 118650 = -20551 + 259309. What are the prime factors of h?
2, 17, 73
Suppose -2*r + 211 = -3*s, r + 4*s + 428 = 5*r. Let z = r - 62. Suppose 3*t - z = -2*q + 117, -5*t + 2*q + 291 = 0. What are the prime factors of t?
3, 19
Let i be (-2824)/(-104) - 2/13. Suppose 0 = 12*x - i*x + 14835. List the prime factors of x.
23, 43
Let l = -71 + 104. Suppose -288 = -29*c + l*c. Let b = c + 193. What are the prime factors of b?
11
List the prime factors of (14/(-28)*(-48)/(-10))/(4/(-25670)).
2, 3, 17, 151
List the prime factors of (-980)/56*(9/(-20))/((-9)/(-2256)).
2, 3, 7, 47
Suppose -5 = -2*m + 5. Suppose r = 3*r - m*z + 8, -r + z - 7 = 0. List the prime factors of (r/9)/(2/(-252)).
2, 3, 7
Let w(s) = -2*s + 31. Let t(n) = n**3 - 5*n**2 - 4*n + 3. Let o be t(6). Let b be w(o). List the prime factors of (0 - -141) + b/(-3)*0.
3, 47
Let o(s) = -4*s**2 - 3*s**3 + 2 + 4*s - 28 + 14*s**3 - 8*s**3. List the prime factors of o(6).
2, 251
Let q be 0 - (-27 - (-12)/16*-4). Suppose -q*x = -23*x - 2758. Suppose -2*g + 194 = 2*h, 4*g = -4*h + 2*g + x. List the prime factors of h.
2, 5
Suppose 2*j = 179 + 11. Suppose 3*c + z - 501 = 0, -5*c + 852 = -2*z - 2*z. Let a = c - j. What are the prime factors of a?
73
Let g(s) = -13*s + 79*s**2 - s - 78*s**2 - 38. Let p be g(17). Suppose p*n - 19*n + 540 = 0. List the prime factors of n.
2, 3, 5
Let b(x) = -x**3 + 38*x**2 - 36*x - 22. Let o be b(37). Let i = 2 + -6. List the prime factors of (2 + i - o)*-2.
2, 17
Suppose 0 = -4*k + 601 + 36355. Suppose 24*m = 1945 + k. What are the prime factors of m?
2, 233
Let d = 103 + -78. Let w = 108 - d. Let m = -16 + w. What are the prime factors of m?
67
Let f(r) = -4*r**2 - r + 30. Suppose 9*i + 2*a = 4*i - 25, 2*a - 10 = 0. Let w be f(i). What are the prime factors of -5 + (-3)/9*w?
2, 3
Let t(i) = -1916*i - 2371. What are the prime factors of t(-16)?
5, 5657
Let h(m) = -31*m**3 + 6*m**2 - 36*m - 25. What are the prime factors of h(-6)?
7103
Let u = -53 + -24. Let l = 80 + u. Suppose 0 = q + q, -l*n + 4*q + 666 = 0. List the prime factors of n.
2, 3, 37
Let t = 16 + -10. Let j be -1*(t/3)/1. Let p = 46 - j. What are the prime factors of p?
2, 3
Let v(c) be the second derivative of 15*c**3/2 - 36*c**2 + 75*c. What are the prime factors of v(10)?
2, 3, 7
Suppose -4*v + v = -x + 30, -v = -3*x + 2. Suppose 15 = -3*t + 2*t. What are the prime factors of v/(-44)*100/(-3)*t?
5
Suppose -4*i - 5*y + 333 = -86, 2*i + 4*y - 208 = 0. Let x be 0/5 + 1 + -17. Let v = i + x. What are the prime factors of v?
2, 3, 5
Let h = 4600 + -2797. List the prime factors of h.
3, 601
Suppose -8*v = -2 + 18. Let i be (v*1/2)/(6/(-30)). Suppose 2*o = -i*a + 292 + 578, -2*a - 2*o + 354 = 0. What are the prime factors of a?
2, 43
Let z = -176 - 257. Let n = -90 - z. What are the prime factors of n?
7
